{"id":277,"date":"2023-05-18T14:28:55","date_gmt":"2023-05-18T12:28:55","guid":{"rendered":"http:\/\/159.213.53.18\/prefpi\/?page_id=277"},"modified":"2023-05-24T15:45:31","modified_gmt":"2023-05-24T13:45:31","slug":"ufficio-patenti-gestione-calendario","status":"publish","type":"page","link":"http:\/\/159.213.53.18\/prefpi\/ufficio-patenti-gestione-calendario\/","title":{"rendered":"UFFICIO PATENTI"},"content":{"rendered":"<h6 style=\"font-size: 1.4rem; text-align: center;\">DA QUESTA PAGINA \u00c8 POSSIBILE PRENOTARE UN APPUNTAMENTO CON L\u2019<span style=\"color: #ff0000;\">UFFICIO PATENTI <span style=\"color: #000000;\">per ottenere la riconsegna del tuo documento di guida<\/span><\/span><\/h6>\n<h6 style=\"font-size: 1.3rem; text-align: center;\">PER PRENOTARE SELEZIONARE LA DATA E L\u2019ORARIO DESIDERATI, RIEMPIRE TUTTI I CAMPI SOTTOSTANTI E PREMERE INVIO.<\/h6>\n<h6 style=\"font-size: 1.2rem; text-align: center;\">UNA E-MAIL DI CONFERMA ARRIVER\u00c0 ALLA CASELLA DI POSTA SOTTOINDICATA.<\/h6>\n<h6 style=\"font-size: 1.4rem; text-align: center;\"><span style=\"color: #ff0000;\">ATTENZIONE<\/span><\/h6>\n<p align=\"justify\"><strong><span style=\"color: #ff0000;\"><span style=\"font-family: Titillium Regular, PT Sans, helvetica, arial, sans-serif;\"><span style=\"font-size: medium;\">1) <\/span><\/span><\/span><\/strong><strong><span style=\"color: #ff0000;\"><span style=\"font-family: Titillium Regular, PT Sans, helvetica, arial, sans-serif;\"><span style=\"font-size: medium;\">allo scopo di consentire un controllo preventivo sull\u2019effettiva sussistenza dei requisiti per la riconsegna, <\/span><\/span><\/span><\/strong><strong><span style=\"color: #ff0000;\"><span style=\"font-family: Titillium Regular, PT Sans, helvetica, arial, sans-serif;\"><span style=\"font-size: medium;\"><b>le prenotazioni dovranno avvenire <\/b><\/span><\/span><\/span><\/strong><strong><span style=\"color: #ff0000;\"><span style=\"font-family: Titillium Regular, PT Sans, helvetica, arial, sans-serif;\"><span style=\"font-size: medium;\"><b>tassativamente<\/b><\/span><\/span><\/span><\/strong><strong><span style=\"color: #ff0000;\"><span style=\"font-family: Titillium Regular, PT Sans, helvetica, arial, sans-serif;\"><span style=\"font-size: medium;\"><b> 48h prima<\/b><\/span><\/span><\/span><\/strong><strong><span style=\"color: #ff0000;\"><span style=\"font-family: Titillium Regular, PT Sans, helvetica, arial, sans-serif;\"><span style=\"font-size: medium;\"> della data <\/span><\/span><\/span><\/strong><strong><span style=\"color: #ff0000;\"><span style=\"font-family: Titillium Regular, PT Sans, helvetica, arial, sans-serif;\"><span style=\"font-size: medium;\">disponibile<\/span><\/span><\/span><\/strong><strong><span style=\"color: #ff0000;\"><span style=\"font-family: Titillium Regular, PT Sans, helvetica, arial, sans-serif;\"><span style=\"font-size: medium;\"> scelta <\/span><\/span><\/span><\/strong><strong><span style=\"color: #ff0000;\"><span style=\"font-family: Titillium Regular, PT Sans, helvetica, arial, sans-serif;\"><span style=\"font-size: medium;\">dal cittadino<\/span><\/span><\/span><\/strong><strong><span style=\"color: #ff0000;\"><span style=\"font-family: Titillium Regular, PT Sans, helvetica, arial, sans-serif;\"><span style=\"font-size: medium;\"> (<\/span><\/span><\/span><\/strong><strong><span style=\"color: #ff0000;\"><span style=\"font-family: Titillium Regular, PT Sans, helvetica, arial, sans-serif;\"><span style=\"font-size: medium;\">Es. non \u00e8 possibile prenotare un appuntamento il luned\u00ec per il marted\u00ec). <\/span><\/span><\/span><\/strong><strong><span style=\"color: #ff0000;\"><span style=\"font-family: Titillium Regular, PT Sans, helvetica, arial, sans-serif;\"><span style=\"font-size: medium;\">La prenotazione effettuata in violazione del predetto limite temporale sar\u00e0 automaticamente cancellata dall\u2019agenda elettronica;<\/span><\/span><\/span><\/strong><\/p>\n<p align=\"justify\"><strong><span style=\"color: #ff0000;\"><span style=\"font-family: Titillium Regular, PT Sans, helvetica, arial, sans-serif;\"><span style=\"font-size: medium;\">2) E\u2019 fatto assoluto divieto, pena la cancellazione della prenotazione dall\u2019agenda elettronica, fissare un appuntamento <\/span><\/span><\/span><\/strong><strong><span style=\"color: #ff0000;\"><span style=\"font-family: Titillium Regular, PT Sans, helvetica, arial, sans-serif;\"><span style=\"font-size: medium;\"><u><b>per fini diversi dalla riconsegna della patente<\/b><\/u><\/span><\/span><\/span><\/strong><strong><span style=\"color: #ff0000;\"><span style=\"font-family: Titillium Regular, PT Sans, helvetica, arial, sans-serif;\"><span style=\"font-size: medium;\">; si ricorda, infatti, che il trasgressore di tale divieto andrebbe ad interferire con l\u2019erogazione di un pubblico servizio, <\/span><\/span><\/span><\/strong><strong><span style=\"color: #ff0000;\"><span style=\"font-family: Titillium Regular, PT Sans, helvetica, arial, sans-serif;\"><span style=\"font-size: medium;\">che \u00e8<\/span><\/span><\/span><\/strong><strong><span style=\"color: #ff0000;\"><span style=\"font-family: Titillium Regular, PT Sans, helvetica, arial, sans-serif;\"><span style=\"font-size: medium;\"> finalizzato alla mera riconsegna dei documenti di guida.<\/span><\/span><\/span><\/strong><\/p>\n<p align=\"justify\"><strong><span style=\"color: #ff0000;\"><span style=\"font-family: Titillium Regular, PT Sans, helvetica, arial, sans-serif;\"><span style=\"font-size: medium;\">3<\/span><\/span><\/span><\/strong><strong><span style=\"color: #ff0000;\"><span style=\"font-family: Titillium Regular, PT Sans, helvetica, arial, sans-serif;\"><span style=\"font-size: medium;\">) Il browser Internet Explorer non \u00e8 pi\u00f9 supportato, per la prenotazione utilizzare Microsoft Edge, Mozilla Firefox,Google Chrome;<\/span><\/span><\/span><\/strong><\/p>\n<p align=\"justify\"><strong><span style=\"color: #ff0000;\"><span style=\"font-family: Titillium Regular, PT Sans, helvetica, arial, sans-serif;\"><span style=\"font-size: medium;\"><b>4<\/b><\/span><\/span><\/span><\/strong><strong><span style=\"color: #ff0000;\"><span style=\"font-family: Titillium Regular, PT Sans, helvetica, arial, sans-serif;\"><span style=\"font-size: medium;\">) <\/span><\/span><\/span><\/strong><strong><span style=\"color: #ff0000;\"><span style=\"font-family: Titillium Regular, PT Sans, helvetica, arial, sans-serif;\"><span style=\"font-size: medium;\">Prima di fissare un appuntamento, assicurati accuratamente di aver maturato le condizioni per poter rientrare in possesso della patente.<\/span><\/span><\/span><\/strong><\/p>\n<!--noptimize-->\n        <script type=\"text\/javascript\">\n         var cp_hourbk_cancel_label = 'Cancel';\n         var cp_hourbk_quantity_label = 'Quantity';\n         var cp_hourbk_cost_label = 'Cost';\n         var cp_hourbk_overlapping_label = 'Selected time is no longer available. Please select a different time.';\n         var cp_hourbk_nomore_label = 'No more slots available.';\n         var cp_hourbk_avoid_overlapping = 0;\n         var apphboverbooking_handler0 = false;\n         function cp_appbooking_pform_doValidate_1(form)\n         {\n            try { if (document.cp_appbooking_pform_1.cp_appbooking_pform_status.value == '1') return false; } catch (e) {}\n            $dexQuery = jQuery.noConflict();\n            try { document.cp_appbooking_pform_1.cp_ref_page.value = document.location; } catch (e) {}\n            $dexQuery = jQuery.noConflict();            var result = '';\n            try {\n            if (!apphboverbooking_handler0) {\n            if (document.cp_appbooking_pform_1.hdcaptcha_cp_appbooking_post.value == '') { setTimeout( \"cp_appbooking_cerror_1()\", 100); return false; }\n            var result = $dexQuery.ajax({ type: \"GET\", url: \"http:\/\/159.213.53.18\/prefpi\/?ps=_1&cp_appbooking_pform_process=2&cp_appbooking_id=5&inAdmin=1&ps=_1&hdcaptcha_cp_appbooking_post=\"+document.cp_appbooking_pform_1.hdcaptcha_cp_appbooking_post.value, async: false }).responseText;            \n            }\n            } catch (e) {result='';console.log('AHB: Captcha not detected.');}\n            if (!apphboverbooking_handler0 && result.indexOf(\"captchafailed\") != -1) {\n                $dexQuery(\"#captchaimg_1\").attr('src', $dexQuery(\"#captchaimg_1\").attr('src')+'&'+Math.floor((Math.random() * 99999) + 1));\n                setTimeout( \"cp_appbooking_cerror_1()\", 100);\n                return false;\n            } else             {\n                var cpefb_error = 0;\n                $dexQuery(\"#cp_appbooking_pform_1\").find(\".cpefb_error\").each(function(index){\n                if ($dexQuery(this).css(\"display\")!=\"none\")\n                    cpefb_error++;\n                });\n                if (cpefb_error==0)\n                {\n                    if (!apphboverbooking_handler0)\n                    {\n                        try { document.cp_appbooking_pform_1.cp_appbooking_pform_status.value = '1';\t } catch (e) {}\n                        apphbblink_1(\".pbSubmit:visible\");\n                        $dexQuery(\"#cp_appbooking_pform_1\").find(\".avoid_overlapping_before\").not(\".ignore,.ignorepb\").removeClass(\"avoid_overlapping_before\").removeClass(\"valid\").addClass(\"avoid_overlapping\");\n                        cp_hourbk_avoid_overlapping = 1;\n                        try {\n                            $dexQuery(\"#cp_appbooking_pform_1\").find(\".avoid_overlapping\").valid();\n                        } catch (e) { cp_hourbk_avoid_overlapping = 0; }\n                        function check_cp_hourbk_avoid_overlapping(){\n\t\t                    if (cp_hourbk_avoid_overlapping>0)\n\t\t                        setTimeout(check_cp_hourbk_avoid_overlapping,100);\n\t\t                    else\n\t\t                    {\n                                var cpefb_error = 0;\n                                $dexQuery(\"#cp_appbooking_pform_1\").find(\".cpefb_error\").each(function(index){\n                                    if ($dexQuery(this).css(\"display\")!=\"none\")\n                                        cpefb_error++;\n                                    });\n                                try { document.cp_appbooking_pform_1.cp_appbooking_pform_status.value = '0';\t } catch (e) {}\n                                if (cpefb_error==0)\n                                {\n                                    apphboverbooking_handler0 = true;\n                                    if (cp_appbooking_pform_doValidate_1(form))\n                                    {\n                                        $dexQuery( \".pbSubmit\" ).unbind();\n                                        if ($dexQuery( \".pbSubmit\" ).hasClass(\"nofirst\"))\n                                            return false;\n                                        $dexQuery( \".pbSubmit\" ).addClass(\"nofirst\");\n                                        document.getElementById(\"cp_appbooking_pform_1\").submit();\n                                    }\n                                }\n\t\t                    }\n\t\t                }\n\t\t                check_cp_hourbk_avoid_overlapping();\n                        return false;\n                    }\n                    \t        \t\t$dexQuery(\"#cp_appbooking_pform_1\").find( '.ignore' ).closest( '.fields' ).remove();\n\t        \t}\n\t        \tdocument.getElementById(\"form_structure_1\").value = '';\n\t        \tdocument.getElementById(\"refpage_1\").value = document.location;\n                try {\n                    if (cpefb_error==0)\n                    {\n                        document.cp_appbooking_pform_1.cp_appbooking_pform_status.value = '1';\n                        apphbblink_1(\".pbSubmit\");\n                    }\n                } catch (e) {}\n                return true;\n            }\n         }\n         function apphbblink_1(selector){\n             try {\n                 $dexQuery = jQuery.noConflict();\n                 $dexQuery(selector).fadeOut(1000, function(){\n                     $dexQuery(this).fadeIn(1000, function(){\n                             try {\n                                 if (document.cp_appbooking_pform_1.cp_appbooking_pform_status.value != '0')\n                                     apphbblink_1(this);\n                             } catch (e) { console.log(e)}\n                     });\n                 });\n             } catch (e) {}\n         }\n         function cp_appbooking_cerror_1(){$dexQuery = jQuery.noConflict();$dexQuery(\"#hdcaptcha_error_1\").css('top',$dexQuery(\"#hdcaptcha_cp_appbooking_post_1\").outerHeight());$dexQuery(\"#hdcaptcha_error_1\").css(\"display\",\"inline\");}\n        <\/script><!--\/noptimize-->\n        <form class=\"cpp_form\" name=\"cp_appbooking_pform_1\" id=\"cp_appbooking_pform_1\" action=\"\" method=\"post\" enctype=\"multipart\/form-data\" onsubmit=\"return cp_appbooking_pform_doValidate_1(this);\"><input type=\"hidden\" name=\"cp_pform_psequence\" value=\"_1\" \/><input type=\"hidden\" name=\"cp_appbooking_pform_process\" value=\"1\" \/><input type=\"hidden\" name=\"cp_appbooking_id\" value=\"5\" \/><input type=\"hidden\" name=\"cp_ref_page\" value=\"\" \/><input type=\"hidden\" name=\"form_structure_1\" id=\"form_structure_1\" size=\"180\" value=\"[[{&quot;form_identifier&quot;:&quot;&quot;,&quot;name&quot;:&quot;fieldname1&quot;,&quot;shortlabel&quot;:&quot;&quot;,&quot;index&quot;:0,&quot;ftype&quot;:&quot;fapp&quot;,&quot;userhelp&quot;:&quot;ATTENZIONE! \\nE&#039; consentito prendere un solo appuntamento in caso di duplicazione la prenotazione verr\\u00e0 annullata&quot;,&quot;userhelpTooltip&quot;:&quot;&quot;,&quot;csslayout&quot;:&quot;&quot;,&quot;title&quot;:&quot;Selezionare la data e l&#039;ora dell&#039;appuntamento&quot;,&quot;services&quot;:[{&quot;name&quot;:&quot;Ufficio Patenti&quot;,&quot;price&quot;:0,&quot;capacity&quot;:1,&quot;duration&quot;:&quot;30&quot;,&quot;pb&quot;:0,&quot;pa&quot;:0,&quot;ohindex&quot;:0,&quot;idx&quot;:1}],&quot;openhours&quot;:[],&quot;allOH&quot;:[{&quot;name&quot;:&quot;Default&quot;,&quot;openhours&quot;:[{&quot;type&quot;:&quot;d5&quot;,&quot;d&quot;:&quot;&quot;,&quot;h1&quot;:&quot;9&quot;,&quot;m1&quot;:&quot;0&quot;,&quot;h2&quot;:&quot;11&quot;,&quot;m2&quot;:&quot;30&quot;},{&quot;type&quot;:&quot;d2&quot;,&quot;d&quot;:&quot;&quot;,&quot;h1&quot;:&quot;9&quot;,&quot;m1&quot;:&quot;0&quot;,&quot;h2&quot;:&quot;11&quot;,&quot;m2&quot;:&quot;30&quot;},{&quot;type&quot;:&quot;d3&quot;,&quot;d&quot;:&quot;&quot;,&quot;h1&quot;:&quot;9&quot;,&quot;m1&quot;:&quot;0&quot;,&quot;h2&quot;:&quot;11&quot;,&quot;m2&quot;:&quot;30&quot;}]}],&quot;dateFormat&quot;:&quot;dd\\\/mm\\\/yy&quot;,&quot;showDropdown&quot;:false,&quot;showTotalCost&quot;:false,&quot;showTotalCostFormat&quot;:&quot;$ {0}&quot;,&quot;showEndTime&quot;:false,&quot;showQuantity&quot;:false,&quot;usedSlotsCheckbox&quot;:false,&quot;avoidOverlaping&quot;:true,&quot;emptySelectCheckbox&quot;:false,&quot;emptySelect&quot;:&quot;-- Please select service --&quot;,&quot;dropdownRange&quot;:&quot;-10:+10&quot;,&quot;working_dates&quot;:[false,true,true,true,true,true,false],&quot;numberOfMonths&quot;:1,&quot;maxNumberOfApp&quot;:&quot;1&quot;,&quot;firstDay&quot;:&quot;1&quot;,&quot;minDate&quot;:&quot;0&quot;,&quot;maxDate&quot;:&quot;&quot;,&quot;defaultDate&quot;:&quot;&quot;,&quot;invalidDates&quot;:&quot;06\\\/02\\\/2023,05\\\/01\\\/2023,03\\\/22\\\/2023, 04\\\/10\\\/2023, 04\\\/24\\\/2023, 11\\\/01\\\/2023, 12\\\/08\\\/2023, 12\\\/25\\\/2023, 12\\\/26\\\/2023, 01\\\/01\\\/2024, 04\\\/25\\\/2024, 05\\\/01\\\/2024,06\\\/17\\\/2024,08\\\/15\\\/2024,12\\\/25\\\/2024, 12\\\/26\\\/2024, 01\\\/01\\\/2025, 09\\\/27\\\/2024&quot;,&quot;tmpinvalidDates&quot;:[{},{},{},{},{},{},{},{},{},{},{},{},{},{},{},{},{},{}],&quot;required&quot;:true,&quot;bSlotsCheckbox&quot;:true,&quot;bSlots&quot;:30,&quot;militaryTime&quot;:1,&quot;autonum&quot;:1,&quot;autonumStaff&quot;:0,&quot;fBuild&quot;:{},&quot;special_days&quot;:[],&quot;minDateTmp&quot;:&quot;0&quot;,&quot;getMinDate&quot;:{},&quot;tmpinvalidDatestime&quot;:[1685656800000,1682892000000,1679439600000,1681077600000,1682287200000,1698793200000,1701990000000,1703458800000,1703545200000,1704063600000,1713996000000,1714514400000,1718575200000,1723672800000,1735081200000,1735167600000,1735686000000,1727388000000]},{&quot;form_identifier&quot;:&quot;&quot;,&quot;name&quot;:&quot;fieldname2&quot;,&quot;shortlabel&quot;:&quot;&quot;,&quot;index&quot;:1,&quot;ftype&quot;:&quot;ftext&quot;,&quot;userhelp&quot;:&quot;&quot;,&quot;userhelpTooltip&quot;:&quot;&quot;,&quot;csslayout&quot;:&quot;&quot;,&quot;title&quot;:&quot;Recapito telefonico&quot;,&quot;predefined&quot;:&quot;&quot;,&quot;predefinedClick&quot;:false,&quot;required&quot;:true,&quot;size&quot;:&quot;medium&quot;,&quot;minlength&quot;:&quot;&quot;,&quot;maxlength&quot;:&quot;&quot;,&quot;equalTo&quot;:&quot;&quot;,&quot;fBuild&quot;:{}},{&quot;form_identifier&quot;:&quot;&quot;,&quot;name&quot;:&quot;email&quot;,&quot;shortlabel&quot;:&quot;&quot;,&quot;index&quot;:2,&quot;ftype&quot;:&quot;femail&quot;,&quot;userhelp&quot;:&quot;&quot;,&quot;userhelpTooltip&quot;:&quot;&quot;,&quot;csslayout&quot;:&quot;&quot;,&quot;title&quot;:&quot;E-mail&quot;,&quot;predefined&quot;:&quot;&quot;,&quot;predefinedClick&quot;:false,&quot;required&quot;:true,&quot;size&quot;:&quot;medium&quot;,&quot;equalTo&quot;:&quot;&quot;,&quot;fBuild&quot;:{}},{&quot;form_identifier&quot;:&quot;&quot;,&quot;name&quot;:&quot;fieldname3&quot;,&quot;shortlabel&quot;:&quot;&quot;,&quot;index&quot;:3,&quot;ftype&quot;:&quot;ftext&quot;,&quot;userhelp&quot;:&quot;&quot;,&quot;userhelpTooltip&quot;:&quot;&quot;,&quot;csslayout&quot;:&quot;&quot;,&quot;title&quot;:&quot;Cognome e Nome&quot;,&quot;predefined&quot;:&quot;&quot;,&quot;predefinedClick&quot;:false,&quot;required&quot;:true,&quot;size&quot;:&quot;medium&quot;,&quot;minlength&quot;:&quot;4&quot;,&quot;maxlength&quot;:&quot;&quot;,&quot;equalTo&quot;:&quot;&quot;,&quot;fBuild&quot;:{}}],[{&quot;title&quot;:&quot;&quot;,&quot;description&quot;:&quot;&quot;,&quot;formlayout&quot;:&quot;top_aligned&quot;,&quot;formtemplate&quot;:&quot;&quot;,&quot;evalequations&quot;:1,&quot;autocomplete&quot;:1,&quot;autofocus&quot;:false}]]\" \/><input type=\"hidden\" name=\"refpage_1\" id=\"refpage_1\" value=\"\"><input type=\"hidden\" name=\"cp_appbooking_pform_status\" value=\"0\" \/><input name=\"anonce\" type=\"hidden\" value=\"6480178291\"\/> \r\n<div id=\"fbuilder\">    \r\n    <div id=\"fbuilder_1\">\r\n        <div id=\"formheader_1\"><\/div>\r\n        <div id=\"fieldlist_1\"><\/div>\r\n    <\/div>\r\n<\/div>    \r\n<div style=\"display:none\">\r\n<div id=\"cpcaptchalayer_1\" class=\"cpcaptchalayer\">\r\n <div class=\"fields\" id=\"field-c0\" style=\"display:none\">\r\n    <label><\/label>\r\n    <div class=\"dfield\"><!--addons-payment-options--><\/div>\r\n    <div class=\"clearer\"><\/div>\r\n <\/div>\r\n  Codice di sicurezza:<br \/>\r\n  <img src=\"http:\/\/159.213.53.18\/prefpi\/?cp_appbooking_captcha=captcha&amp;ps=_1&amp;inAdmin=1&amp;width=200&amp;height=60&amp;letter_count=5&amp;min_size=20&amp;max_size=25&amp;noise=150&amp;noiselength=4&amp;bcolor=ffffff&amp;border=000000&amp;font=font3\"  id=\"captchaimg_1\" alt=\"security code\" border=\"0\" class=\"skip-lazy\" \/>\r\n  <br \/>Inserire il codice di sicurezza:<br \/>\r\n  <div class=\"dfield\"><input type=\"text\" size=\"20\" name=\"hdcaptcha_cp_appbooking_post\" id=\"hdcaptcha_cp_appbooking_post_1\" value=\"\" autocomplete=\"off\" \/>\r\n  <div class=\"cpefb_error message\" id=\"hdcaptcha_error_1\" generated=\"true\" style=\"display:none;position: absolute; left: 0px; top: 25px;\">Codice captcha Errato.<\/div>\r\n  <\/div><br \/>\r\n<!-- rcadon -->\r\n<\/div>\r\n<\/div>\r\n<div id=\"cp_subbtn_1\" class=\"cp_subbtn\">Invio<\/div>\r\n<div style=\"clear:both;\"><\/div>\r\n<input type=\"hidden\" name=\"cpapphbce69e\" value=\"\"><\/form>\r\n\n","protected":false},"excerpt":{"rendered":"<p>DA QUESTA PAGINA \u00c8 POSSIBILE PRENOTARE UN APPUNTAMENTO CON L\u2019UFFICIO PATENTI per ottenere la riconsegna del tuo documento di guida PER PRENOTARE SELEZIONARE LA DATA E L\u2019ORARIO DESIDERATI, RIEMPIRE TUTTI I CAMPI SOTTOSTANTI E PREMERE INVIO. UNA E-MAIL DI CONFERMA ARRIVER\u00c0 ALLA CASELLA DI POSTA SOTTOINDICATA. ATTENZIONE 1) allo scopo di consentire un controllo preventivo [&hellip;]<\/p>\n","protected":false},"author":1,"featured_media":0,"parent":0,"menu_order":0,"comment_status":"closed","ping_status":"closed","template":"","meta":[],"_links":{"self":[{"href":"http:\/\/159.213.53.18\/prefpi\/wp-json\/wp\/v2\/pages\/277"}],"collection":[{"href":"http:\/\/159.213.53.18\/prefpi\/wp-json\/wp\/v2\/pages"}],"about":[{"href":"http:\/\/159.213.53.18\/prefpi\/wp-json\/wp\/v2\/types\/page"}],"author":[{"embeddable":true,"href":"http:\/\/159.213.53.18\/prefpi\/wp-json\/wp\/v2\/users\/1"}],"replies":[{"embeddable":true,"href":"http:\/\/159.213.53.18\/prefpi\/wp-json\/wp\/v2\/comments?post=277"}],"version-history":[{"count":9,"href":"http:\/\/159.213.53.18\/prefpi\/wp-json\/wp\/v2\/pages\/277\/revisions"}],"predecessor-version":[{"id":319,"href":"http:\/\/159.213.53.18\/prefpi\/wp-json\/wp\/v2\/pages\/277\/revisions\/319"}],"wp:attachment":[{"href":"http:\/\/159.213.53.18\/prefpi\/wp-json\/wp\/v2\/media?parent=277"}],"curies":[{"name":"wp","href":"https:\/\/api.w.org\/{rel}","templated":true}]}}